{"id":60,"date":"2020-05-04T15:12:05","date_gmt":"2020-05-04T13:12:05","guid":{"rendered":"https:\/\/ads-info.ocean.icm.edu.pl\/?page_id=60"},"modified":"2024-04-10T14:10:24","modified_gmt":"2024-04-10T12:10:24","slug":"cele-i-zalozenia-funkcjonowania-ads","status":"publish","type":"page","link":"https:\/\/pads.org.pl\/index.php\/cele-i-zalozenia-funkcjonowania-ads\/","title":{"rendered":"Cele i za\u0142o\u017cenia funkcjonowania PADS"},"content":{"rendered":"\n<p>Archiwum Danych Spo\u0142ecznych dzia\u0142a w ramach Umowy o wsp\u00f3lnym prowadzeniu programu badawczego w zakresie archiwizacji danych spo\u0142ecznych, zawartej mi\u0119dzy Uniwersytetem Warszawskim a Instytutem Filozofii i Socjologii Polskiej Akademii Nauk, dnia 8 grudnia 2003 roku.<\/p>\n\n\n\n<p>Podstawowymi celami programu badawczego s\u0105:<\/p>\n\n\n\n<ol class=\"wp-block-list\">\n<li>wsp\u00f3\u0142tworzenie strategii rozwoju programu badawczego &#8220;archiwizacja danych spo\u0142ecznych&#8221;<\/li>\n\n\n\n<li>nabywanie, rozwijanie, archiwizowanie i udost\u0119pnianie danych i dokumentacji s\u0142u\u017c\u0105cych kszta\u0142ceniu i badaniom w zakresie bada\u0144 spo\u0142ecznych<\/li>\n\n\n\n<li>program\u00f3w szkoleniowych w powy\u017cszym zakresie<\/li>\n\n\n\n<li>wsp\u00f3\u0142praca w celu pozyskiwania \u015brodk\u00f3w na realizacj\u0119 wy\u017cej wymienionych przedsi\u0119wzi\u0119\u0107<\/li>\n<\/ol>\n\n\n\n<p>Projekt badawczy jest realizowany w ramach dzia\u0142alno\u015bci O\u015brodka Bada\u0144 Socjologicznych Instytutu Studi\u00f3w Spo\u0142ecznych Uniwersytetu Warszawskiego. W ramach programu, Instytut Studi\u00f3w Spo\u0142ecznych opracowa\u0142 standardy przygotowania zbior\u00f3w danych i dokumentacji oraz w porozumieniu z Instytutem Filozofii i Socjologii Polskiej Akademii Nauk, przygotowa\u0142 zasady deponowania danych i funkcjonowania samego Archiwum.<\/p>\n\n\n\n<p>Zach\u0119camy do zapoznania si\u0119 i wdro\u017cenia standard\u00f3w opracowanych na potrzeby Archiwum a udost\u0119pnianych wszystkim zainteresowanym nieodp\u0142atnie, za po\u015brednictwem strony internetowej PADS. Standardy te s\u0105 zgodne z konwencjami przygotowywania danych we wszystkich, licz\u0105cych si\u0119 o\u015brodkach archiwizacji danych spo\u0142ecznych na ca\u0142ym \u015bwiecie i s\u0105 wynikiem poszukiwa\u0144 optymalnych rozwi\u0105za\u0144 przygotowywania i udost\u0119pniania danych innym badaczom.<\/p>\n","protected":false},"excerpt":{"rendered":"<p>Archiwum Danych Spo\u0142ecznych dzia\u0142a w ramach Umowy o wsp\u00f3lnym prowadzeniu programu badawczego w zakresie archiwizacji danych spo\u0142ecznych, zawartej mi\u0119dzy Uniwersytetem Warszawskim a Instytutem Filozofii i Socjologii Polskiej Akademii Nauk, dnia 8 grudnia 2003 roku. Podstawowymi celami programu badawczego s\u0105: Projekt badawczy jest realizowany w ramach dzia\u0142alno\u015bci O\u015brodka Bada\u0144 Socjologicznych Instytutu Studi\u00f3w Spo\u0142ecznych Uniwersytetu Warszawskiego. W\u2026 <span class=\"read-more\"><a href=\"https:\/\/pads.org.pl\/index.php\/cele-i-zalozenia-funkcjonowania-ads\/\">Dowiedz si\u0119 wi\u0119cej &raquo;<\/a><\/span><\/p>\n","protected":false},"author":3,"featured_media":0,"parent":0,"menu_order":0,"comment_status":"closed","ping_status":"closed","template":"","meta":{"footnotes":""},"class_list":["post-60","page","type-page","status-publish","hentry"],"_links":{"self":[{"href":"https:\/\/pads.org.pl\/index.php\/wp-json\/wp\/v2\/pages\/60"}],"collection":[{"href":"https:\/\/pads.org.pl\/index.php\/wp-json\/wp\/v2\/pages"}],"about":[{"href":"https:\/\/pads.org.pl\/index.php\/wp-json\/wp\/v2\/types\/page"}],"author":[{"embeddable":true,"href":"https:\/\/pads.org.pl\/index.php\/wp-json\/wp\/v2\/users\/3"}],"replies":[{"embeddable":true,"href":"https:\/\/pads.org.pl\/index.php\/wp-json\/wp\/v2\/comments?post=60"}],"version-history":[{"count":3,"href":"https:\/\/pads.org.pl\/index.php\/wp-json\/wp\/v2\/pages\/60\/revisions"}],"predecessor-version":[{"id":309,"href":"https:\/\/pads.org.pl\/index.php\/wp-json\/wp\/v2\/pages\/60\/revisions\/309"}],"wp:attachment":[{"href":"https:\/\/pads.org.pl\/index.php\/wp-json\/wp\/v2\/media?parent=60"}],"curies":[{"name":"wp","href":"https:\/\/api.w.org\/{rel}","templated":true}]}}